
Is 1147 a factor of 26515135?
False
Does 489 divide 390892?
False
Is 98197 a multiple of 6?
False
Does 44 divide 4653688?
False
Is 681005 a multiple of 88?
False
Does 56 divide 16819?
False
Does 149 divide 3089498?
False
Is 2 a factor of 64424?
True
Is 15395 a multiple of 17?
False
Is 49 a factor of 12262?
False
Is 137771 a multiple of 22?
False
Does 11 divide 249447?
True
Is 6 a factor of 2550?
True
Is 43251 a multiple of 6?
False
Is 29 a factor of 89666?
False
Does 12 divide 91054?
False
Is 111316 a multiple of 141?
False
Does 27 divide 1978263?
True
Is 320321 a multiple of 19?
True
Does 56 divide 1013880?
True
Does 61 divide 394315?
False
Does 322 divide 2517718?
True
Does 13 divide 160860?
False
Is 749808 a multiple of 6?
True
Does 12 divide 312448?
False
Does 262 divide 1858890?
True
Is 372242 a multiple of 278?
True
Does 206 divide 1812522?
False
Does 1300 divide 448426?
False
Does 12 divide 708768?
True
Does 6 divide 65430?
True
Is 6 a factor of 102324?
True
Is 57 a factor of 374718?
True
Is 49 a factor of 397044?
False
Does 10 divide 4789891?
False
Does 526 divide 14062748?
False
Does 14 divide 738850?
True
Does 173 divide 30404231?
True
Is 26 a factor of 61594?
True
Is 26790 a multiple of 235?
True
Is 12 a factor of 457116?
True
Is 30 a factor of 16028999?
False
Is 648802 a multiple of 5?
False
Is 381 a factor of 270713?
False
Is 2 a factor of 335078?
True
Does 41 divide 337758?
True
Is 4 a factor of 34878?
False
Does 10 divide 195347?
False
Is 32 a factor of 34697?
False
Does 34 divide 184484?
True
Is 1200954 a multiple of 106?
False
Does 29 divide 8972705?
False
Does 21 divide 4841901?
False
Does 843 divide 3132866?
False
Does 801 divide 450461?
False
Does 128 divide 1160320?
True
Is 195092 a multiple of 323?
True
Is 20 a factor of 1971980?
True
Is 59 a factor of 235024?
False
Does 34 divide 1014526?
True
Does 40 divide 53680?
True
Is 91683 a multiple of 61?
True
Is 70 a factor of 661191?
False
Does 23 divide 33613?
False
Is 536 a factor of 32696?
True
Does 5 divide 2135064?
False
Is 136 a factor of 141445?
False
Does 258 divide 1240979?
False
Does 156 divide 218367?
False
Is 982576 a multiple of 248?
True
Is 640464 a multiple of 264?
True
Is 25753392 a multiple of 18?
True
Does 5 divide 318985?
True
Does 13 divide 901069?
True
Is 75909 a multiple of 12?
False
Does 19 divide 845205?
False
Does 28 divide 121095?
False
Does 13 divide 1365745?
False
Is 650 a factor of 2174900?
True
Does 13 divide 147277?
True
Is 12 a factor of 39816?
True
Does 49 divide 234017?
False
Does 481 divide 88023?
True
Is 60829 a multiple of 211?
False
Is 21877 a multiple of 3?
False
Is 106 a factor of 191754?
True
Is 156204 a multiple of 123?
False
Is 263499 a multiple of 29?
False
Is 13 a factor of 8398?
True
Is 15 a factor of 744195?
True
Is 27 a factor of 8819820?
True
Is 39029 a multiple of 14?
False
Is 500914 a multiple of 1187?
True
Does 7 divide 2532331?
False
Is 63 a factor of 217980?
True
Does 1623 divide 12686991?
True
Is 60 a factor of 57660?
True
Is 46376 a multiple of 147?
False
Is 427 a factor of 251148?
False
Is 30 a factor of 37117?
False
Is 12 a factor of 589665?
False
Does 507 divide 1069770?
True
Does 1135 divide 13913477?
False
Does 310 divide 339002?
False
Is 1288752 a multiple of 75?
False
Is 159 a factor of 25077957?
True
Does 844 divide 680264?
True
Does 828 divide 82313?
False
Is 51 a factor of 1343493?
True
Is 18756211 a multiple of 19?
True
Is 515880 a multiple of 90?
True
Does 98 divide 2271543?
False
Is 4529072 a multiple of 41?
False
Is 7 a factor of 268191?
True
Does 8 divide 98837?
False
Does 4 divide 432592?
True
Is 2 a factor of 1053545?
False
Does 76 divide 576308?
True
Is 5 a factor of 48894?
False
Is 12 a factor of 195972?
True
Is 13 a factor of 1151392?
False
Does 332 divide 2004616?
True
Does 28 divide 2392917?
False
Does 4 divide 3032335?
False
Is 2527121 a multiple of 28?
False
Is 47 a factor of 504216?
True
Is 11 a factor of 50996?
True
Is 6 a factor of 1140114?
True
Is 50 a factor of 2126150?
True
Is 206601 a multiple of 40?
False
Is 474 a factor of 1581264?
True
Does 20 divide 73577?
False
Is 4545390 a multiple of 7?
False
Is 81757 a multiple of 331?
True
Is 12 a factor of 1035780?
True
Is 40549 a multiple of 5?
False
Is 5929 a multiple of 2?
False
Is 195723 a multiple of 33?
True
Is 5 a factor of 6197?
False
Is 24 a factor of 1081538?
False
Is 1935795 a multiple of 93?
True
Is 12 a factor of 50325?
False
Does 454 divide 857606?
True
Does 390 divide 3909592?
False
Is 9188958 a multiple of 6?
True
Does 118 divide 2275040?
True
Is 28 a factor of 832328?
True
Is 756 a factor of 572384?
False
Does 112 divide 231151?
False
Does 118 divide 7378540?
True
Is 8367492 a multiple of 12?
True
Is 925439 a multiple of 23?
False
Does 5 divide 1785006?
False
Does 22 divide 31856?
True
Is 7 a factor of 3325343?
True
Is 33 a factor of 2240712?
False
Is 184 a factor of 611916?
False
Does 3 divide 18042?
True
Is 1140291 a multiple of 269?
True
Does 18 divide 6657609?
False
Does 27 divide 901232?
False
Is 59 a factor of 36032?
False
Is 205 a factor of 32651?
False
Is 5 a factor of 119379?
False
Does 595 divide 898450?
True
Does 15 divide 21450?
True
Is 2166086 a multiple of 153?
False
Is 725224 a multiple of 269?
True
Does 26 divide 4075058?
True
Is 7 a factor of 358810?
False
Does 14 divide 597128?
True
Does 481 divide 320727?
False
Is 601952 a multiple of 52?
True
Does 7 divide 4062?
False
Is 1180800 a multiple of 36?
True
Does 6 divide 18948?
True
Is 18 a factor of 703368?
True
Is 11061612 a multiple of 80?
False
Is 15 a factor of 861030?
True
Does 22 divide 30370978?
True
Is 5 a factor of 1396495?
True
Is 53 a factor of 12051773?
False
Does 13 divide 868738?
True
Is 1470560 a multiple of 16?
True
Is 412 a factor of 9555928?
True
Is 10 a factor of 13238257?
False
Is 262 a factor of 6460757?
False
Is 11547 a multiple of 8?
False
Does 18 divide 1704582?
True
Does 787 divide 257349?
True
Does 20 divide 155423?
False
Is 234 a factor of 174994?
False
Does 32 divide 1502081?
False
Is 81 a factor of 380950?
False
Is 4848001 a multiple of 108?
False
Does 402 divide 665712?
True
Does 34 divide 3468?
True
Is 12 a factor of 602811?
False
Does 28 divide 21280?
True
Is 3054604 a multiple of 28?
True
Is 180442 a multiple of 83?
True
Does 11 divide 39380?
True
Does 7 divide 282053?
False
Is 24 a factor of 264841?
False
Is 424 a factor of 2016287?
False
Is 1558 a factor of 5173787?
False
Does 14 divide 189716?
False
Does 18 divide 826110?
True
Is 27 a factor of 64395?
True
Does 5 divide 13970?
True
Does 18 divide 29787?
False
Is 11 a factor of 823758?
False
Does 194 divide 352381?
False
Is 326 a factor of 1209988?
False
Does 42 divide 13598292?
False
Does 146 divide 162480?
False
Is 64 a factor of 6613360?
False
Does 171 divide 71651?
False
Is 127 a factor of 2354326?
True
Does 105 divide 353325?
True
Is 53 a factor of 525884?
False
Is 14299760 a multiple of 36?
False
Is 208822 a multiple of 102?
False
Is 140 a factor of 91044?
False
Is 2029265 a multiple of 35?
True
Is 18359 a multiple of 8?
False
Is 906696 a multiple of 9?
True
Is 815309 a multiple of 47?
True
Does 442 divide 272714?
True
Is 315742 a multiple of 19?
True
Is 3860024 a multiple of 196?
True
Does 885 divide 18327062?
False
Is 386820 a multiple of 45?
True
Is 203 a factor of 380219?
True
Is 49 a factor of 6615588?
True
Does 153 divide 1043299?
False
Does 305 divide 7772010?
True
Does 187 divide 8672499?
True
Is 9 a factor of 2251394?
False
Is 12394 a multiple of 13?
False
Is 56 a factor of 288645?
False
Is 651 a factor of 2765010?
False
Is 21 a factor of 351727?
False
Is 327 a factor of 4571939?
False
Does 9 divide 25961?
False
Does 49 divide 1574566?
True
Is 29 a factor of 1280785?
True
Is 159 a factor of 787793?
False
Does 99 divide 185206?
False
Is 87966 a multiple of 243?
True
Is 229230 a multiple of 15?
True
Is 3691671 a multiple of 41?
False
Does 25 divide 3092475?
True
Does 214 divide 102078?
True
Is 78 a factor of 5304?
True
Does 29 divide 37178?
True
Is 10827700 a multiple of 26?
True
Is 159 a factor of 112065?
False
Is 934968 a multiple of 239?
True
Is 362 a factor of 19730394?
False
Is 179686 a multiple of 30?
False
Does 54 divide 1076166?
True
Is 265 a factor of 2650